{"id":3523,"date":"2021-09-08T19:52:41","date_gmt":"2021-09-08T22:52:41","guid":{"rendered":"https:\/\/boutiquemiradror.com\/mdw\/producto\/smart-mini-drops-2-efecto-mesoterapia-c-mini-ha\/"},"modified":"2022-12-13T15:10:25","modified_gmt":"2022-12-13T18:10:25","slug":"smart-mini-drops-2-efecto-mesoterapia-c-mini-ha","status":"publish","type":"product","link":"https:\/\/boutiquemiradror.com\/mdw\/producto\/smart-mini-drops-2-efecto-mesoterapia-c-mini-ha\/","title":{"rendered":"Smart Mini Drops 2 &#8211; efecto mesoterapia c\/ Mini HA"},"content":{"rendered":"<p>Efecto mesoterapia con Mini Hialur\u00f3nico.<\/p>\n<p>\u00daltima generaci\u00f3n biotecnol\u00f3gica en el uso de \u00c1cido Hialur\u00f3nico.<\/p>\n","protected":false},"excerpt":{"rendered":"<div class=\"row row-divided\"  id=\"row-901262745\">\n\n\t<div id=\"col-2093696539\" class=\"col medium-1\/4 large-3\"  >\n\t\t<div class=\"col-inner\"  >\n\t\t\t\n\t\t\t\n\n\t\t<div class=\"icon-box featured-box icon-box-center text-center\"  >\n\t\t\t\t\t<div class=\"icon-box-img\" style=\"width: 60px\">\n\t\t\t\t<div class=\"icon\">\n\t\t\t\t\t<div class=\"icon-inner\" >\n\t\t\t\t\t\t<img decoding=\"async\" src=\"https:\/\/boutiquemiradror.com\/mdw\/wp-content\/uploads\/2021\/09\/anti-celulitis.png\" alt=\"\" \/>\t\t\t\t\t<\/div>\n\t\t\t\t<\/div>\n\t\t\t<\/div>\n\t\t\t\t<div class=\"icon-box-text last-reset\">\n\t\t\t\t\t\t\t\t\t\n<p>Efecto Mesoterapia. Reafirmante de contorno. Efecto 3D<\/p>\n\t\t<\/div>\n\t<\/div>\n\t\n\t\n\t\t<\/div>\n\t\t\t<\/div>\n\n\t\n\n\t<div id=\"col-1347140104\" class=\"col medium-1\/4 large-3\"  >\n\t\t<div class=\"col-inner\"  >\n\t\t\t\n\t\t\t\n\n\t\t<div class=\"icon-box featured-box icon-box-center text-center\"  >\n\t\t\t\t\t<div class=\"icon-box-img\" style=\"width: 60px\">\n\t\t\t\t<div class=\"icon\">\n\t\t\t\t\t<div class=\"icon-inner\" >\n\t\t\t\t\t\t<img decoding=\"async\" src=\"https:\/\/boutiquemiradror.com\/mdw\/wp-content\/uploads\/2021\/09\/ultra-hidratante.png\" alt=\"\" \/>\t\t\t\t\t<\/div>\n\t\t\t\t<\/div>\n\t\t\t<\/div>\n\t\t\t\t<div class=\"icon-box-text last-reset\">\n\t\t\t\t\t\t\t\t\t\n<p>Retiene el H2O en las camadas m\u00e1s profundas<\/p>\n\t\t<\/div>\n\t<\/div>\n\t\n\t\n\t\t<\/div>\n\t\t\t<\/div>\n\n\t\n\n\t<div id=\"col-2045212971\" class=\"col medium-1\/4 large-3\"  >\n\t\t<div class=\"col-inner\"  >\n\t\t\t\n\t\t\t\n\n\t\t<div class=\"icon-box featured-box icon-box-center text-center\"  >\n\t\t\t\t\t<div class=\"icon-box-img\" style=\"width: 60px\">\n\t\t\t\t<div class=\"icon\">\n\t\t\t\t\t<div class=\"icon-inner\" >\n\t\t\t\t\t\t<img decoding=\"async\" src=\"https:\/\/boutiquemiradror.com\/mdw\/wp-content\/uploads\/2021\/09\/lifting-effects.png\" alt=\"\" \/>\t\t\t\t\t<\/div>\n\t\t\t\t<\/div>\n\t\t\t<\/div>\n\t\t\t\t<div class=\"icon-box-text last-reset\">\n\t\t\t\t\t\t\t\t\t\n<p>Reconstituye el tejido aumentando su elasticidad<\/p>\n\t\t<\/div>\n\t<\/div>\n\t\n\t\n\t\t<\/div>\n\t\t\t<\/div>\n\n\t\n\n\t<div id=\"col-1097464373\" class=\"col medium-1\/4 large-3\"  >\n\t\t<div class=\"col-inner\"  >\n\t\t\t\n\t\t\t\n\n\t\t<div class=\"icon-box featured-box icon-box-center text-center\"  >\n\t\t\t\t\t<div class=\"icon-box-img\" style=\"width: 60px\">\n\t\t\t\t<div class=\"icon\">\n\t\t\t\t\t<div class=\"icon-inner\" >\n\t\t\t\t\t\t<img decoding=\"async\" src=\"https:\/\/boutiquemiradror.com\/mdw\/wp-content\/uploads\/2021\/09\/free-parabens1.png\" alt=\"\" \/>\t\t\t\t\t<\/div>\n\t\t\t\t<\/div>\n\t\t\t<\/div>\n\t\t\t\t<div class=\"icon-box-text last-reset\">\n\t\t\t\t\t\t\t\t\t\n<p>No contiene Parabenos. Apto cel\u00edacos<\/p>\n\t\t<\/div>\n\t<\/div>\n\t\n\t\n\t\t<\/div>\n\t\t\t<\/div>\n\n\t\n<\/div>\n","protected":false},"featured_media":3680,"template":"","meta":{"_joinchat":[]},"product_brand":[],"product_cat":[639,640,718],"product_tag":[644,654,701],"class_list":{"0":"post-3523","1":"product","2":"type-product","3":"status-publish","4":"has-post-thumbnail","6":"product_cat-antiage","7":"product_cat-formula-facial","8":"product_cat-piel-joven-y-piel-madura","9":"product_tag-antiage","10":"product_tag-hidratante","11":"product_tag-reparador","12":"pa_tipo-de-producto-serum","13":"pa_tipos-de-piel-joven","14":"pa_tipos-de-piel-maduro","15":"pa_tipos-de-piel-normal","16":"pa_tipos-de-piel-sensible-delicado","18":"first","19":"instock","20":"purchasable","21":"product-type-simple"},"jetpack_sharing_enabled":true,"_links":{"self":[{"href":"https:\/\/boutiquemiradror.com\/mdw\/wp-json\/wp\/v2\/product\/3523","targetHints":{"allow":["GET"]}}],"collection":[{"href":"https:\/\/boutiquemiradror.com\/mdw\/wp-json\/wp\/v2\/product"}],"about":[{"href":"https:\/\/boutiquemiradror.com\/mdw\/wp-json\/wp\/v2\/types\/product"}],"wp:featuredmedia":[{"embeddable":true,"href":"https:\/\/boutiquemiradror.com\/mdw\/wp-json\/wp\/v2\/media\/3680"}],"wp:attachment":[{"href":"https:\/\/boutiquemiradror.com\/mdw\/wp-json\/wp\/v2\/media?parent=3523"}],"wp:term":[{"taxonomy":"product_brand","embeddable":true,"href":"https:\/\/boutiquemiradror.com\/mdw\/wp-json\/wp\/v2\/product_brand?post=3523"},{"taxonomy":"product_cat","embeddable":true,"href":"https:\/\/boutiquemiradror.com\/mdw\/wp-json\/wp\/v2\/product_cat?post=3523"},{"taxonomy":"product_tag","embeddable":true,"href":"https:\/\/boutiquemiradror.com\/mdw\/wp-json\/wp\/v2\/product_tag?post=3523"}],"curies":[{"name":"wp","href":"https:\/\/api.w.org\/{rel}","templated":true}]}}

<p>Efecto mesoterapia con Mini Hialurónico.</p>
<p>Última generación biotecnológica en el uso de Ácido Hialurónico.</p>

<div class="row row-divided"  id="row-901262745">

	<div id="col-2093696539" class="col medium-1/4 large-3"  >
		<div class="col-inner"  >
			
			

		<div class="icon-box featured-box icon-box-center text-center"  >
					<div class="icon-box-img" style="width: 60px">
				<div class="icon">
					<div class="icon-inner" >
						<img decoding="async" src="https://boutiquemiradror.com/mdw/wp-content/uploads/2021/09/anti-celulitis.png" alt="" />					</div>
				</div>
			</div>
				<div class="icon-box-text last-reset">
									
<p>Efecto Mesoterapia. Reafirmante de contorno. Efecto 3D</p>
		</div>
	</div>
	
	
		</div>
			</div>

	

	<div id="col-1347140104" class="col medium-1/4 large-3"  >
		<div class="col-inner"  >
			
			

		<div class="icon-box featured-box icon-box-center text-center"  >
					<div class="icon-box-img" style="width: 60px">
				<div class="icon">
					<div class="icon-inner" >
						<img decoding="async" src="https://boutiquemiradror.com/mdw/wp-content/uploads/2021/09/ultra-hidratante.png" alt="" />					</div>
				</div>
			</div>
				<div class="icon-box-text last-reset">
									
<p>Retiene el H2O en las camadas más profundas</p>
		</div>
	</div>
	
	
		</div>
			</div>

	

	<div id="col-2045212971" class="col medium-1/4 large-3"  >
		<div class="col-inner"  >
			
			

		<div class="icon-box featured-box icon-box-center text-center"  >
					<div class="icon-box-img" style="width: 60px">
				<div class="icon">
					<div class="icon-inner" >
						<img decoding="async" src="https://boutiquemiradror.com/mdw/wp-content/uploads/2021/09/lifting-effects.png" alt="" />					</div>
				</div>
			</div>
				<div class="icon-box-text last-reset">
									
<p>Reconstituye el tejido aumentando su elasticidad</p>
		</div>
	</div>
	
	
		</div>
			</div>

	

	<div id="col-1097464373" class="col medium-1/4 large-3"  >
		<div class="col-inner"  >
			
			

		<div class="icon-box featured-box icon-box-center text-center"  >
					<div class="icon-box-img" style="width: 60px">
				<div class="icon">
					<div class="icon-inner" >
						<img decoding="async" src="https://boutiquemiradror.com/mdw/wp-content/uploads/2021/09/free-parabens1.png" alt="" />					</div>
				</div>
			</div>
				<div class="icon-box-text last-reset">
									
<p>No contiene Parabenos. Apto celíacos</p>
		</div>
	</div>
	
	
		</div>
			</div>

	
</div>
