{"id":7333,"date":"2021-09-20T20:28:33","date_gmt":"2021-09-20T23:28:33","guid":{"rendered":"https:\/\/boutiquemiradror.com\/mdw\/?post_type=product&#038;p=7333"},"modified":"2022-12-13T13:06:55","modified_gmt":"2022-12-13T16:06:55","slug":"vr-aa","status":"publish","type":"product","link":"https:\/\/boutiquemiradror.com\/mdw\/producto\/vr-aa\/","title":{"rendered":"AA-VR"},"content":{"rendered":"<ul>\n<li>Tratamiento intensivo Anti-Age<\/li>\n<li>Restaura las propiedades biomec\u00e1nicas caracter\u00edsticas de un tejido joven y sano<\/li>\n<li>Mantiene e incrementa el nivel de \u00c1cido Hialur\u00f3nico en la piel.<\/li>\n<li>Contiene Retinol de Nueva generaci\u00f3n: + potente y con mayor poder de penetraci\u00f3n gracias la novedosa teconolog\u00eda de encapsulaci\u00f3n VR SPHERES y ; Polyglutamic Acid LMW<\/li>\n<\/ul>\n","protected":false},"excerpt":{"rendered":"<p>Tratamiento intensivo Anti-Age Restaura las propiedades biomec\u00e1nicas caracter\u00edsticas de un tejido joven y sano Mantiene e incrementa el nivel de \u00c1cido Hialur\u00f3nico en la piel. Contiene Retinol de Nueva generaci\u00f3n: + potente y con mayor poder de penetraci\u00f3n gracias la novedosa teconolog\u00eda de encapsulaci\u00f3n VR SPHERES y ; Polyglutamic Acid LMW<\/p>\n","protected":false},"featured_media":7337,"template":"","meta":{"_joinchat":[]},"product_brand":[],"product_cat":[639,739],"product_tag":[],"class_list":{"0":"post-7333","1":"product","2":"type-product","3":"status-publish","4":"has-post-thumbnail","6":"product_cat-antiage","7":"product_cat-piel-joven-y-piel-madura-contorno-de-ojos-antiage","9":"first","10":"instock","11":"taxable","12":"shipping-taxable","13":"purchasable","14":"product-type-simple"},"jetpack_sharing_enabled":true,"_links":{"self":[{"href":"https:\/\/boutiquemiradror.com\/mdw\/wp-json\/wp\/v2\/product\/7333","targetHints":{"allow":["GET"]}}],"collection":[{"href":"https:\/\/boutiquemiradror.com\/mdw\/wp-json\/wp\/v2\/product"}],"about":[{"href":"https:\/\/boutiquemiradror.com\/mdw\/wp-json\/wp\/v2\/types\/product"}],"wp:featuredmedia":[{"embeddable":true,"href":"https:\/\/boutiquemiradror.com\/mdw\/wp-json\/wp\/v2\/media\/7337"}],"wp:attachment":[{"href":"https:\/\/boutiquemiradror.com\/mdw\/wp-json\/wp\/v2\/media?parent=7333"}],"wp:term":[{"taxonomy":"product_brand","embeddable":true,"href":"https:\/\/boutiquemiradror.com\/mdw\/wp-json\/wp\/v2\/product_brand?post=7333"},{"taxonomy":"product_cat","embeddable":true,"href":"https:\/\/boutiquemiradror.com\/mdw\/wp-json\/wp\/v2\/product_cat?post=7333"},{"taxonomy":"product_tag","embeddable":true,"href":"https:\/\/boutiquemiradror.com\/mdw\/wp-json\/wp\/v2\/product_tag?post=7333"}],"curies":[{"name":"wp","href":"https:\/\/api.w.org\/{rel}","templated":true}]}}